{"id":52,"date":"2010-07-01T10:51:19","date_gmt":"2010-07-01T03:51:19","guid":{"rendered":"http:\/\/hb.ezc.vn\/?page_id=52"},"modified":"2010-07-08T19:17:07","modified_gmt":"2010-07-08T12:17:07","slug":"n%e1%bb%99i-quy","status":"publish","type":"page","link":"http:\/\/hb.ezc.vn\/?page_id=52","title":{"rendered":"N\u1ed9i quy"},"content":{"rendered":"<p style=\"text-align: justify;\">Trang th\u00f4ng tin &#8220;Ch\u1ecdn mua nh\u00e0 &#8211; \u0111\u1ea5t&#8221; ch\u1ecbu s\u1ef1 qu\u1ea3n l\u00fd chung c\u1ee7a c\u00f4ng ty EZConsulting Vietnam. N\u1ed9i dung \u0111\u0103ng t\u1ea3i ph\u00f9 h\u1ee3p v\u1edbi ti\u00eau ch\u00ed c\u1ee7a trang th\u00f4ng tin l\u00e0 \u0111\u00e1nh gi\u00e1 c\u00e1c B\u0110S \u0111\u00e3 v\u00e0 \u0111ang x\u00e2y d\u1ef1ng (k\u1ec3 c\u1ea3 d\u1ef1 \u00e1n s\u1eafp tri\u1ec3n khai). C\u00e1c th\u00e0nh vi\u00ean tham gia c\u00f3 quy\u1ec1n \u0111\u0103ng b\u00e0i v\u00e0 th\u1ec3 hi\u1ec7n \u00fd ki\u1ebfn c\u00e1 nh\u00e2n, nh\u01b0ng kh\u00f4ng \u0111\u01b0\u1ee3c c\u00f3 c\u00e1c h\u00e0nh \u0111\u1ed9ng:<\/p>\n<ol style=\"text-align: justify;\">\n<li>Ph\u00e1 ho\u1ea1i trang th\u00f4ng tin<\/li>\n<li>Vi ph\u1ea1m ph\u00e1p lu\u1eadt<\/li>\n<li>Gian l\u1eadn th\u01b0\u01a1ng m\u1ea1i<\/li>\n<li>Kh\u00f4ng ph\u00f9 h\u1ee3p v\u1edbi thu\u1ea7n phong m\u1ef9 t\u1ee5c<\/li>\n<li>C\u00f4ng k\u00edch, b\u00f4i nh\u1ecd c\u00e1c B\u0110S kh\u00e1c<\/li>\n<\/ol>\n<p style=\"text-align: justify;\">EZConsulting Vietnam gi\u1eef quy\u1ec1n \u0111i\u1ec1u ch\u1ec9nh n\u1ed9i quy n\u00e0y cho ph\u00f9 h\u1ee3p v\u1edbi t\u00ecnh h\u00ecnh ho\u1ea1t \u0111\u1ed9ng.<\/p>\n","protected":false},"excerpt":{"rendered":"<p>Trang th\u00f4ng tin &#8220;Ch\u1ecdn mua nh\u00e0 &#8211; \u0111\u1ea5t&#8221; ch\u1ecbu s\u1ef1 qu\u1ea3n l\u00fd chung c\u1ee7a c\u00f4ng ty EZConsulting Vietnam. N\u1ed9i dung \u0111\u0103ng t\u1ea3i ph\u00f9 h\u1ee3p v\u1edbi ti\u00eau ch\u00ed c\u1ee7a trang th\u00f4ng tin l\u00e0 \u0111\u00e1nh gi\u00e1 c\u00e1c B\u0110S \u0111\u00e3 v\u00e0 \u0111ang x\u00e2y d\u1ef1ng (k\u1ec3 c\u1ea3 d\u1ef1 \u00e1n s\u1eafp tri\u1ec3n khai). C\u00e1c th\u00e0nh vi\u00ean tham gia c\u00f3 quy\u1ec1n [&hellip;]<\/p>\n","protected":false},"author":1,"featured_media":0,"parent":0,"menu_order":4,"comment_status":"closed","ping_status":"closed","template":"","meta":{"footnotes":""},"class_list":["post-52","page","type-page","status-publish","hentry"],"_links":{"self":[{"href":"http:\/\/hb.ezc.vn\/index.php?rest_route=\/wp\/v2\/pages\/52","targetHints":{"allow":["GET"]}}],"collection":[{"href":"http:\/\/hb.ezc.vn\/index.php?rest_route=\/wp\/v2\/pages"}],"about":[{"href":"http:\/\/hb.ezc.vn\/index.php?rest_route=\/wp\/v2\/types\/page"}],"author":[{"embeddable":true,"href":"http:\/\/hb.ezc.vn\/index.php?rest_route=\/wp\/v2\/users\/1"}],"replies":[{"embeddable":true,"href":"http:\/\/hb.ezc.vn\/index.php?rest_route=%2Fwp%2Fv2%2Fcomments&post=52"}],"version-history":[{"count":2,"href":"http:\/\/hb.ezc.vn\/index.php?rest_route=\/wp\/v2\/pages\/52\/revisions"}],"predecessor-version":[{"id":116,"href":"http:\/\/hb.ezc.vn\/index.php?rest_route=\/wp\/v2\/pages\/52\/revisions\/116"}],"wp:attachment":[{"href":"http:\/\/hb.ezc.vn\/index.php?rest_route=%2Fwp%2Fv2%2Fmedia&parent=52"}],"curies":[{"name":"wp","href":"https:\/\/api.w.org\/{rel}","templated":true}]}}