{"id":18,"date":"2010-07-01T10:17:35","date_gmt":"2010-07-01T03:17:35","guid":{"rendered":"http:\/\/hb.ezc.vn\/?page_id=18"},"modified":"2010-07-01T10:45:03","modified_gmt":"2010-07-01T03:45:03","slug":"tham-gia","status":"publish","type":"page","link":"http:\/\/hb.ezc.vn\/?page_id=18","title":{"rendered":"Tham gia"},"content":{"rendered":"<p style=\"text-align: justify;\">C\u00f4ng vi\u1ec7c \u0111\u00e1nh gi\u00e1 c\u1ea7n tr\u00ed tu\u1ec7 c\u0169ng nh\u01b0 kinh nghi\u1ec7m c\u1ee7a kh\u00f4ng ch\u1ec9 m\u1ed9t c\u00e1 nh\u00e2n. Do \u0111\u00f3 ch\u00fang t\u00f4i mong mu\u1ed1n \u0111\u01b0\u1ee3c ti\u1ebfp nh\u1eadn \u00fd ki\u1ebfn c\u0169ng nh\u01b0 c\u00e1c b\u00e0i \u0111\u00e1nh gi\u00e1 t\u00e2m huy\u1ebft c\u1ee7a c\u00e1c nh\u00e0 chuy\u00ean m\u00f4n. H\u00ecnh th\u1ee9c tham gia r\u1ea5t phong ph\u00fa, b\u1ea1n ch\u1ec9 c\u1ea7n v\u00e0i gi\u00e2y \u0111\u0103ng k\u00fd l\u00e0m th\u00e0nh vi\u00ean trang th\u00f4ng tin l\u00e0 \u0111\u00e3 c\u00f3 th\u1ec3 \u0111\u0103ng b\u00e0i.<\/p>\n<p style=\"text-align: justify;\">N\u1ebfu ch\u01b0a c\u00f3 \u0111i\u1ec1u ki\u1ec7n tham gia th\u01b0\u1eddng xuy\u00ean, b\u1ea1n v\u1eabn c\u00f3 th\u1ec3 g\u00f3p \u00fd v\u1edbi t\u1eebng b\u00e0i vi\u1ebft \u1edf ngay d\u01b0\u1edbi c\u00e1c b\u00e0i \u0111\u00f3.<\/p>\n<p style=\"text-align: justify;\">\u0110\u1ec3 \u0111\u1ea3m b\u1ea3o ch\u1ea5t l\u01b0\u1ee3ng c\u0169ng nh\u01b0 m\u1ee5c ti\u00eau c\u1ee7a trang th\u00f4ng tin, ban bi\u00ean t\u1eadp gi\u1eef quy\u1ec1n bi\u00ean t\u1eadp l\u1ea1i c\u00e1c b\u00e0i \u0111\u0103ng ch\u01b0a \u0111\u00fang v\u1edbi ti\u00eau ch\u00ed c\u1ee7a trang th\u00f4ng tin, mong c\u00e1c b\u1ea1n l\u01b0u \u00fd.<\/p>\n","protected":false},"excerpt":{"rendered":"<p>C\u00f4ng vi\u1ec7c \u0111\u00e1nh gi\u00e1 c\u1ea7n tr\u00ed tu\u1ec7 c\u0169ng nh\u01b0 kinh nghi\u1ec7m c\u1ee7a kh\u00f4ng ch\u1ec9 m\u1ed9t c\u00e1 nh\u00e2n. Do \u0111\u00f3 ch\u00fang t\u00f4i mong mu\u1ed1n \u0111\u01b0\u1ee3c ti\u1ebfp nh\u1eadn \u00fd ki\u1ebfn c\u0169ng nh\u01b0 c\u00e1c b\u00e0i \u0111\u00e1nh gi\u00e1 t\u00e2m huy\u1ebft c\u1ee7a c\u00e1c nh\u00e0 chuy\u00ean m\u00f4n. H\u00ecnh th\u1ee9c tham gia r\u1ea5t phong ph\u00fa, b\u1ea1n ch\u1ec9 c\u1ea7n v\u00e0i gi\u00e2y \u0111\u0103ng k\u00fd [&hellip;]<\/p>\n","protected":false},"author":1,"featured_media":0,"parent":0,"menu_order":3,"comment_status":"open","ping_status":"open","template":"","meta":{"footnotes":""},"class_list":["post-18","page","type-page","status-publish","hentry"],"_links":{"self":[{"href":"http:\/\/hb.ezc.vn\/index.php?rest_route=\/wp\/v2\/pages\/18","targetHints":{"allow":["GET"]}}],"collection":[{"href":"http:\/\/hb.ezc.vn\/index.php?rest_route=\/wp\/v2\/pages"}],"about":[{"href":"http:\/\/hb.ezc.vn\/index.php?rest_route=\/wp\/v2\/types\/page"}],"author":[{"embeddable":true,"href":"http:\/\/hb.ezc.vn\/index.php?rest_route=\/wp\/v2\/users\/1"}],"replies":[{"embeddable":true,"href":"http:\/\/hb.ezc.vn\/index.php?rest_route=%2Fwp%2Fv2%2Fcomments&post=18"}],"version-history":[{"count":3,"href":"http:\/\/hb.ezc.vn\/index.php?rest_route=\/wp\/v2\/pages\/18\/revisions"}],"predecessor-version":[{"id":20,"href":"http:\/\/hb.ezc.vn\/index.php?rest_route=\/wp\/v2\/pages\/18\/revisions\/20"}],"wp:attachment":[{"href":"http:\/\/hb.ezc.vn\/index.php?rest_route=%2Fwp%2Fv2%2Fmedia&parent=18"}],"curies":[{"name":"wp","href":"https:\/\/api.w.org\/{rel}","templated":true}]}}